 = 51 + 14. Calculate the highest common factor of l and d.
13
Let b = 486 - 443. Calculate the highest common divisor of 1 and b.
1
Suppose 0 = x - 5*l - 38 + 8, -2*l - 103 = -3*x. What is the greatest common factor of x and 7?
7
Suppose -4*z - 430 = -2*k, -4*z = -2*k - z + 432. Suppose -6*f + k = -51. What is the highest common factor of 18 and f?
9
Let a = 2207 + -2206. What is the highest common divisor of 236 and a?
1
Let z = -70 + 76. Calculate the greatest common factor of z and 10.
2
Suppose 0*r - 3*r = -42. Let g(y) = -y**2 - 2*y + 21. Let w be g(4). Let v be (r/w)/7*-126. What is the greatest common factor of v and 21?
21
Suppose -18*b + 1296 = -9*b. Calculate the greatest common factor of b and 3.
3
Let w = 36 + -20. Suppose 0 = 3*l - 6. Suppose 0 = l*k - k - 2*f - 110, -k = f - 113. What is the highest common factor of k and w?
16
Suppose -d + 2*l - 4 = 0, -l + 36 = 4*d + 4*l. Let g be d/14 - (5 + 12100/(-35)). Calculate the greatest common divisor of g and 31.
31
Let f be 20/3*(-4851)/(-385). What is the highest common divisor of 147 and f?
21
Let d be (0 - -2*1) + 4. Let o(u) = u**2 + u - 2. Let t be o(-3). Suppose t*r + 116 = 356. What is the highest common factor of r and d?
6
Let b = 381 + -365. Calculate the highest common divisor of 1552 and b.
16
Let r = 3262 - 1436. Calculate the greatest common divisor of r and 66.
22
Let t = -90 + 89. Let o be 24*(0 + t)/(-1). Let v be ((-6)/7)/((-2)/28). What is the greatest common factor of v and o?
12
Let b = 39 - 14. Let q be (20/b)/(4/10). Suppose -7*n = -q*n - 105. What is the greatest common factor of n and 7?
7
Suppose 0 = 5*n - 2*v - 11, 2*n - 5 = n - v. Suppose n*f = -2*f + 50. Suppose 272*l - 271*l = 30. What is the greatest common divisor of f and l?
10
Let q be (34 - 0)*(6 - (4 - 4)). What is the highest common divisor of 17 and q?
17
Let h = 83 - 105. Let t be (h/(-4) + -1)/(1/10). Calculate the highest common divisor of 9 and t.
9
Let r(p) = p**3 + 5*p**2 - 6*p + 2. Suppose -v - 2*v - 12 = -3*q, 4*q = v - 2. Let h be r(v). Calculate the greatest common divisor of h and 6.
2
Suppose 66*p - 8802 = -486. What is the greatest common factor of p and 54?
18
Let m(w) = w + 11. Let y be m(-9). Suppose -41 = -4*j + y*j + 3*n, 36 = 2*j - 2*n. Calculate the highest common divisor of j and 104.
13
Let m(o) = o**3 + 7*o**2 - 13*o - 10. Suppose 2*b - k + 12 = 0, 4*b - 5*k + 6 = -6. Let h be m(b). What is the highest common divisor of 15 and h?
15
Let h be 5 - 4/(-2)*-1. Let d = 3039 + -3015. What is the highest common factor of h and d?
3
Let a be 1 - (2 + -49*1). Let h(r) = 2*r**2 - 2. Let d(z) = -z**2 + 12*z - 3. Let c be d(12). Let i be h(c). Calculate the highest common divisor of i and a.
16
Let q(s) be the first derivative of s**3/3 - 2*s**2 - 5. Let w be q(-4). Calculate the highest common factor of 8 and w.
8
Let v = -225 + 361. Calculate the greatest common divisor of v and 17.
17
Let b(u) = u**2 - 5*u - 278. Let d be b(-33). Calculate the highest common divisor of 48 and d.
16
Let h be 63/(-81) + 4/(-18). Let o be -2 + 3 + ((-237)/3)/h. Suppose 0 = -5*z - 4*a - 2 + 68, 0 = -2*z + 5*a. What is the highest common factor of o and z?
10
Let d be ((-8)/9)/((-120)/31860). Calculate the highest common divisor of 1003 and d.
59
Let m be 6/(-45) + 1131/45. Let q(h) = 10*h**2 - h - 1. Let d be q(-1). Calculate the greatest common factor of d and m.
5
Let q = 1758 - 1142. Calculate the greatest common factor of q and 14.
14
Let r = -8 + -2. Let h be ((-36)/r)/((-2)/(-5)). Suppose 3*f + 0*f + 327 = 5*o, 0 = -4*o + f + 256. Calculate the highest common factor of o and h.
9
Suppose 14*o + 141 = 1149. Let h = -4 - -4. Suppose -6*i + i + 60 = h. What is the greatest common divisor of o and i?
12
Let w(n) = 3*n**2 + 37*n - 30. Let d be w(-21). Calculate the highest common factor of 473 and d.
43
Suppose -k + 0*t = 2*t - 177, -5*k + 871 = -4*t. Suppose 6*v - 126 = -0*v. Let r be (v/(-6))/(-7)*50. What is the highest common divisor of r and k?
25
Suppose -3*m - 8 = 2*n, 3*m = 5*n - 4*n - 14. Suppose -2*z = -2*z + 8*z. Let s = z - m. What is the greatest common factor of 6 and s?
2
Suppose 0 = m - 0*f + 2*f + 4, f = -5*m + 7. Suppose -g + 3*g = -m. Let h be (-3 + -14 - g)/(-2). What is the highest common divisor of 32 and h?
8
Let r = 166 - 62. Let c = 18 - 18. Let b(u) = -u**2 - u + 13. Let q be b(c). What is the greatest common divisor of q and r?
13
Suppose 9 = -x + 2*x. Let n be 4/(-16) + x/4. Suppose n*r + 9 = 39. What is the highest common divisor of 5 and r?
5
Let l = -21 + 27. Suppose 0 = 6*d - 3*d - l. Suppose -d*f + 205 = 4*n + 3*f, -f - 130 = -3*n. Calculate the highest common factor of n and 30.
15
Let j(x) = -x**3 - x**2 + 15*x. Let g be j(9). Let o = -356 - g. What is the greatest common factor of o and 29?
29
Suppose v = 5*x - 0 + 3, 0 = -4*v - x + 33. Let k be -4 - (-2)/4*v. Suppose -13*p + 10*p + 351 = k. Calculate the highest common factor of 13 and p.
13
Let q = 286 + -162. Calculate the highest common factor of 186 and q.
62
Let w be 12/(93 - -3) - (-2462)/16. Let k(r) = -r**3 - 2*r**2 + 3*r + 2. Let z be k(-4). Calculate the greatest common factor of w and z.
22
Suppose 3*p - 134 + 104 = 0. Let x be (-2)/8 + 171/12. Let r = x - 10. Calculate the highest common divisor of p and r.
2
Suppose 2*z - t + 132 = 5*z, -t + 88 = 2*z. Let d = 14 - -19. Suppose 2*y + y - d = 0. What is the greatest common divisor of z and y?
11
Let y(o) = o + 7. Let c(f) = -f - 8. Let d(r) = -3*c(r) - 2*y(r). Let b be d(0). Suppose -2420 = -36*m + 14*m. Calculate the highest common divisor of m and b.
10
Suppose 0 = -4*p - p + 55. Suppose -f = -l + 59, -3*l + 117 + 32 = 4*f. What is the greatest common factor of p and l?
11
Let h(f) = 35*f**2 - 3*f. Let u be h(1). Suppose -4*z + 3 = -5. Suppose -a - a = n - u, z*a + 4*n = 20. What is the highest common divisor of a and 18?
18
Suppose 0 = z + 13*m - 9*m - 73, 227 = 3*z + 4*m. What is the greatest common factor of z and 7?
7
Let t = 175 - 139. What is the highest common factor of t and 90?
18
Let l be (1/(-4) - (-4)/16)/3. Suppose l = -h + 15*h - 28. Calculate the highest common divisor of h and 18.
2
Suppose 20*u - 8 = 16*u. Suppose 4*r + m - 579 = 683, -u*r + 5*m = -620. Calculate the greatest common divisor of 35 and r.
35
Let d(v) = 5*v - 79. Let o be d(19). Calculate the highest common factor of o and 2.
2
Suppose 41 + 8 = d - 2*r, 146 = 3*d - 5*r. Let f be (39 - 0) + 128/16. What is the greatest common factor of d and f?
47
Let q be (-28 + 0)*((-330)/(-40))/(-11). Calculate the greatest common divisor of 1050 and q.
21
Suppose -41*b = -40*b - 432. What is the highest common factor of b and 80?
16
Let u = 8 + -3. Suppose -u*f = 5*r - 280, -4*f = -4*r - r + 316. Calculate the highest common factor of r and 36.
12
Let w be 1/((-2)/(-12)*1) + -1. Suppose 45 - 15 = w*k. What is the greatest common factor of 24 and k?
6
Let f be (60/(-100))/((-1)/5). Suppose -r + 4*n = -26, -f*n + 4*n - 25 = -5*r. Calculate the greatest common divisor of r and 42.
6
Suppose 48 = -18*q + 30*q. Let d(z) = -23*z - 2. Let v be d(-2). What is the greatest common factor of q and v?
4
Let a = -4 + 7. Let y(r) = -6*r**2 - 28*r + 12. Let n be y(-5). What is the highest common divisor of a and n?
1
Let z(j) = 2*j + 76. Let o be z(-13). Calculate the greatest common factor of o and 175.
25
Suppose 5*l + 2*x - 5*x - 67 = 0, -4*l = 4*x - 60. What is the greatest common factor of l and 14?
14
Let l be ((-54)/36)/(2/(-372)). Suppose c = -3*m + 2*m + 91, -3*m + 3*c + l = 0. What is the greatest common factor of 46 and m?
46
Let w be 70/4 - 4/8. Suppose -b - 2 = -w. What is the highest common divisor of b and 120?
15
Let h = 247 - 47. Calculate the highest common factor of 8 and h.
8
Let i(a) = 11*a - 8. Let x be i(3). Let t = -10 + x. Calculate the greatest common divisor of t and 45.
15
Let u = 127 - 126. What is the highest common factor of 1 and u?
1
Let w = -1 + 1. Suppose -6*n + 509 = 5*a - 3*n, -5*a - 4*n + 512 = w. Let i be (-15)/4*-4*-14*(-8)/84. Calculate the greatest common divisor of i and a.
20
Let d(s) = -3*s**2 - 87*s + 34*s + s**2 + 31*s - 1. Let n be d(-9). What is the highest common divisor of n and 21?
7
Let j be -2*25*(-684)/24. Suppose 3*l - j = -2*l. Suppose u =